{"id":7622,"date":"2020-04-08T11:56:56","date_gmt":"2020-04-08T09:56:56","guid":{"rendered":"http:\/\/hydro-partner.pl\/?page_id=7622"},"modified":"2020-09-28T15:22:56","modified_gmt":"2020-09-28T13:22:56","slug":"kariera-2","status":"publish","type":"page","link":"https:\/\/hydro-partner.pl\/kariera-2\/","title":{"rendered":"Kariera"},"content":{"rendered":"<p>[vc_row type=&#8221;full-width-section&#8221; css=&#8221;.vc_custom_1422795121140{margin-bottom: 0px !important;border-bottom-width: 1px !important;padding-top: 93px !important;padding-bottom: 50px !important;background-color: #f9fafb !important;border-bottom-color: #ebebeb !important;border-bottom-style: solid !important;}&#8221; parallax_background=&#8221;&#8221;][vc_column width=&#8221;1\/2&#8243; css=&#8221;.vc_custom_1422794172714{padding-top: 6px !important;padding-bottom: 50px !important;}&#8221;]<style type=\"text\/css\" >#ic_ygxn2pu9nexw71bhxtsg {margin:0px auto 0px; }#ic_ygxn2pu9nexw71bhxtsg .rd_img_carousel img,#ic_ygxn2pu9nexw71bhxtsg .rd_img_pager img{background:#ffffff; border-color:#e6e6e6;}<\/style><script type=\"text\/javascript\" charset=\"utf-8\">\r\n\t\tjQuery.noConflict();\r\n\t\/\/setup up Carousel\r\n\t\tjQuery(document).ready(function($) {\r\n\t\t\"use strict\";\r\n\r\n\t\t\t$(window).load(function(){\r\n\t\t\t\tvar $carousel = $(\"#ic_ygxn2pu9nexw71bhxtsg .rd_img_carousel\"),\r\n\t\t\t\t\t$pager = $(\"#ic_ygxn2pu9nexw71bhxtsg .rd_img_pager\");\r\n\t\t\t\t\t\r\n$(\"#ic_ygxn2pu9nexw71bhxtsg .rd_img_pager img\").each(function(i) {\r\n\t\t$(this).addClass( \"itm\"+i );\r\n\t\t\r\n\t\t\/* add onclick event to thumbnail to make the main \r\n\t\tcarousel scroll to the right slide*\/\r\n\t\t$(this).click(function() {\r\n\t\t\t$(\"#ic_ygxn2pu9nexw71bhxtsg .rd_img_carousel\").trigger( \"slideTo\", [i, 0, true] );\r\n\t\t\treturn false;\r\n\t\t});\r\n\t});\r\n\r\n\t\t$(\"#ic_ygxn2pu9nexw71bhxtsg .rd_img_pager img.itm0\").addClass( \"selected\" );\r\n\t\r\n\r\n\t\t\t\t$carousel.carouFredSel({\r\n\t\t\t\t\tsynchronise: [\"#ic_ygxn2pu9nexw71bhxtsg .rd_img_pager\", false], \r\n\t\t\t\t\tresponsive: true,\r\n\t\t\t\t\tauto: false,\r\n\t\t\t\t\tscroll: {\r\n\t\t\tfx: \"fade\",\r\n\t\t\tonBefore: function() {\r\n\t\t\t\t\/* Everytime the main slideshow changes, it check to \r\n\t\t\t\t\tmake sure thumbnail and page are displayed correctly *\/\r\n\t\t\t\t\/* Get the current position *\/\r\n\t\t\t\tvar pos = $(this).triggerHandler( \"currentPosition\" );\r\n\t\t\t\t\r\n\t\t\t\t\/* Reset and select the current thumbnail item *\/\r\n\t\t\t\t$(\"#ic_ygxn2pu9nexw71bhxtsg .rd_img_pager img\").removeClass( \"selected\" );\r\n\t\t\t\t$(\"#ic_ygxn2pu9nexw71bhxtsg .rd_img_pager img.itm\"+pos).addClass( \"selected\" );\r\n\r\n\t\t\t\t\/* Move the thumbnail to the right page *\/\r\n\t\t\t}},\r\n\t\t\t\t\twidth: \"100%\",\r\n        \t\t\theight: \"variable\",\r\n\t\t\t\t\titems: {\r\n\t\t\t\t\t\tvisible: 1,\r\n\t\t\t\t\t\theight: \"variable\",\r\n\t\t\t\t\t\t}\r\n\t\t\t\t\t\r\n\t\t\t\t\t\r\n\t\t\t\t\t\r\n\t\t\t\t});\r\n\t\t\t\t$pager.carouFredSel({\r\n\t\t\t\t\twidth: \"100%\",     \r\n\t\t\t\t\tauto: false,\r\n        \t\t\theight: \"variable\",\r\n\t\t\t\t\titems: {\r\n\t\t\t\t\t\theight: \"variable\",\r\n\t\t\t\t\t},\r\n\t\t\t\t});\r\n\t\t\t\t\r\n\t\t\t\t$(\"#ic_ygxn2pu9nexw71bhxtsg .rd_img_carousel\").css(\"opacity\",\"1\" );\r\n\t\t\t\t$(\"#ic_ygxn2pu9nexw71bhxtsg .rd_img_pager\").css(\"opacity\", \"1\" );\r\n\t\t\t\t\r\n\t\t\t\r\n$(\".woo_img_next\").click(function() { \r\n\t\t\t$(\"#ic_ygxn2pu9nexw71bhxtsg .rd_img_pager, #ic_ygxn2pu9nexw71bhxtsg .rd_img_carousel\").trigger( \"next\" ); \r\n\t\t});\r\n\t\t$(\".woo_img_prev\").click(function() { \r\n\t\t\t$(\"#ic_ygxn2pu9nexw71bhxtsg .rd_img_pager, #ic_ygxn2pu9nexw71bhxtsg .rd_img_carousel\").trigger( \"prev\" ); \r\n\t\t});\r\n\t\t\t\t});\r\n\t\t\t\t});\r\n\t<\/script><div class=\"rd_img_carousel_ctn rd_ic_tp\" id=\"ic_ygxn2pu9nexw71bhxtsg\"><div class=\"rd_img_carousel\"><a href=\"https:\/\/hydro-partner.pl\/wp-content\/uploads\/2020\/04\/budynek.jpg\"  rel=\"prettyPhoto[rel-ygxn2pu9nexw71bhxtsg]\" ><img loading=\"lazy\" decoding=\"async\" class=\"\" src=\"https:\/\/hydro-partner.pl\/wp-content\/uploads\/2020\/04\/budynek-570x420.jpg\" width=\"570\" height=\"420\" alt=\"budynek\" title=\"budynek\" \/><\/a><\/div><div class=\"rd_img_pager\"><div><img loading=\"lazy\" decoding=\"async\" class=\"\" src=\"https:\/\/hydro-partner.pl\/wp-content\/uploads\/2020\/04\/budynek-200x200.jpg\" width=\"200\" height=\"200\" alt=\"budynek\" title=\"budynek\" \/><\/div><\/div><\/div>[\/vc_column][vc_column width=&#8221;1\/2&#8243; css=&#8221;.vc_custom_1422794179242{padding-bottom: 50px !important;}&#8221;][vc_custom_heading text=&#8221;Dlaczego <strong>praca<\/strong> w HYDRO-PARTNER ?&#8221; font_container=&#8221;tag:h2|font_size:36|text_align:left&#8221; google_fonts=&#8221;font_family:Lato%3A100%2C100italic%2C300%2C300italic%2Cregular%2Citalic%2C700%2C700italic%2C900%2C900italic|font_style:300%20light%20regular%3A300%3Anormal&#8221; css=&#8221;.vc_custom_1587049225555{margin-bottom: 19px !important;}&#8221;][vc_column_text css=&#8221;.vc_custom_1586339813332{margin-bottom: 29px !important;}&#8221;]To ludzie stanowi\u0105 o sile naszej Firmy, s\u0105 jej najwi\u0119ksz\u0105 warto\u015bci\u0105.<\/p>\n<p>Zaanga\u017cowanie ponad 200 os\u00f3b \u2013 specjalist\u00f3w \u00a0bran\u017c technicznych &#8211; sprawia, \u017ce oferowane przez nas rozwi\u0105zania buduj\u0105 mark\u0119 HYDRO-PARTNER Sp. z o.o. na rynku inwestycyjnym. \u00a0Firma Hydro Partner wsp\u00f3\u0142pracuje z projektantami, inwestorami i firmami wykonawczymi na terenie ca\u0142ej Polski.<\/p>\n<p>Poza dobrymi warunkami pracy zapewniamy naszym pracownikom stabilizacj\u0119 i pewno\u015b\u0107 zatrudnienia &#8211; oni w zamian bazuj\u0105c na swoim do\u015bwiadczeniu i umiej\u0119tno\u015bciach dbaj\u0105 o bie\u017c\u0105ce realizacje i \u00a0rozw\u00f3j firmy .<\/p>\n<p>Do naszego zespo\u0142u poszukujemy zar\u00f3wno do\u015bwiadczonych in\u017cynier\u00f3w z zakresu automatyki, In\u017cynierii \u015arodowiska, technolog\u00f3w jak i specjalist\u00f3w: elektryk\u00f3w i spawaczy.<\/p>\n<p>Nie masz do\u015bwiadczenia ale Twoj\u0105 siln\u0105 stron\u0105 jest znajomo\u015b\u0107 \u00a0zagadnie\u0144 technicznych \u00a0\u2013 nie przekre\u015blamy Twojej kandydatury, damy Ci szans\u0119, Twoj\u0105 wiedz\u0119 teoretyczn\u0105 spo\u017cytkujemy w praktyce.[\/vc_column_text][\/vc_column][\/vc_row][vc_row type=&#8221;full-width-section&#8221; css=&#8221;.vc_custom_1586340174383{margin-bottom: 0px !important;padding-top: 75px !important;padding-bottom: 76px !important;background-color: #2b3547 !important;}&#8221; font_color=&#8221;#ffffff&#8221; parallax_background=&#8221;&#8221;][vc_column][vc_custom_heading text=&#8221;Je\u015bli chcesz do\u0142\u0105czy\u0107 do zespo\u0142u pracownik\u00f3w Hydro Partner Sp. z o.o. w Lesznie&#8221; font_container=&#8221;tag:h3|font_size:24|text_align:center|color:%23ffffff&#8221; google_fonts=&#8221;font_family:Lato%3A100%2C100italic%2C300%2C300italic%2Cregular%2Citalic%2C700%2C700italic%2C900%2C900italic|font_style:900%20bold%20regular%3A900%3Anormal&#8221; css=&#8221;.vc_custom_1586339955588{margin-bottom: 26px !important;}&#8221;][vc_custom_heading text=&#8221;prze\u015blij swoj\u0105 aplikacj\u0119 na adres mailowy:&#8221; font_container=&#8221;tag:h3|font_size:40|text_align:center|color:%23ffffff&#8221; google_fonts=&#8221;font_family:Lato%3A100%2C100italic%2C300%2C300italic%2Cregular%2Citalic%2C700%2C700italic%2C900%2C900italic|font_style:900%20bold%20regular%3A900%3Anormal&#8221;][vc_column_text]<\/p>\n<h2 style=\"text-align: center;\"><a href=\"mailto:rekrutacja@hydro-partner.pl\">rekrutacja@hydro-partner.pl<\/a><\/h2>\n<p>[\/vc_column_text][\/vc_column][\/vc_row][vc_row type=&#8221;full-width-section&#8221; i_select=&#8221;1&#8243; icon=&#8221;ion-ios7-paperplane-outline&#8221; i_color=&#8221;#1c83d8&#8243; css=&#8221;.vc_custom_1587050028646{border-top-width: 50px !important;padding-top: 21px !important;padding-bottom: 45px !important;background-color: #ffffff !important;border-top-color: #2b3547 !important;border-top-style: solid !important;}&#8221;][vc_column css=&#8221;.vc_custom_1587049614804{padding-top: 30px !important;padding-bottom: 15px !important;}&#8221;]<style type=\"text\/css\" >#l_m2cnpdtgxrjacr5bishx.sc_vline {background:#a1b1bc; min-height:45px; width:2px;}#l_m2cnpdtgxrjacr5bishx{margin:20px auto 20px auto; padding:0;}<\/style><div class=\"clearfix\"><\/div><div id=\"l_m2cnpdtgxrjacr5bishx\"  class=\"sc_vline\" ><\/div>[vc_column_text]<\/p>\n<p style=\"text-align: center;\"><strong><span style=\"color: #808080;\">Twoja aplikacja zostanie dodana do naszej bazy i rozpatrzona w przypadku otwarcia procesu rekrutacyjnego na stanowisko zgodne z Twoimi kompetencjami. Do aplikacji prosimy do\u0142\u0105czy\u0107 zgod\u0119 na przetwarzanie danych osobowych zawartych w ofercie pracy, <strong><u>w\u00f3wczas b\u0119dzie ona rozpatrywana<\/u><\/strong>, zgodnie z tre\u015bci\u0105 poni\u017cej:<\/span><\/strong><\/p>\n<p><em>\u201eZgodnie z art. 6 ust. 1 lit. a og\u00f3lnego rozporz\u0105dzenia o ochronie danych osobowych z dnia 27 kwietnia 2016 roku. (Dz. Urz. UE L 119 z 04.05.2016) wyra\u017cam zgod\u0119 na przetwarzanie danych osobowych zawartych w mojej ofercie pracy dla potrzeb prowadzonych przez Hydro Partner sp. z o.o.\u00a0 w Lesznie wszystkich post\u0119powa\u0144 rekrutacyjnych oraz wyra\u017cam zgod\u0119 na przechowywane moich danych osobowych przez okres nie d\u0142u\u017cej ni\u017c 12 miesi\u0119cy.\u201d<\/em>[\/vc_column_text][\/vc_column][\/vc_row][vc_row type=&#8221;full-width-section&#8221; css=&#8221;.vc_custom_1587059790920{margin-bottom: 0px !important;padding-top: 60px !important;padding-bottom: 64px !important;background-color: #e76263 !important;background-position: center !important;background-repeat: no-repeat !important;background-size: cover !important;}&#8221; font_color=&#8221;#ffffff&#8221; parallax_background=&#8221;&#8221;][vc_column width=&#8221;1\/4&#8243;]<div class=\"rd_count_to count_style_9  \"  id=\"rand_qa9jdyxgorjwcyab1ncv\" ><div class=\"count_number\" data-from=\"0\" data-to=\"50\" data-speed=\"1000\" data-refresh-interval=\"25\" data-decimals=\"0\" style=\"color:#ffffff\">0<\/div><span class=\"count_title\" style=\"color:#ffffff\">LAT DO\u015aWIADCZENIA<\/span><\/div>[\/vc_column][vc_column width=&#8221;1\/4&#8243;]<div class=\"rd_count_to count_style_9  \"  id=\"rand_nn71dv8y9hrbom64c5h3\" ><div class=\"count_number\" data-from=\"0\" data-to=\"15.000\" data-speed=\"1000\" data-refresh-interval=\"25\" data-decimals=\"3\" style=\"color:#ffffff\">0<\/div><span class=\"count_title\" style=\"color:#ffffff\">MONITOROWANYCH OBIEKT\u00d3W<\/span><\/div>[\/vc_column][vc_column width=&#8221;1\/4&#8243;]<div class=\"rd_count_to count_style_9  \"  id=\"rand_gvb7d32ck4ffwd86wko1\" ><div class=\"count_number\" data-from=\"0\" data-to=\"14.000\" data-speed=\"1000\" data-refresh-interval=\"25\" data-decimals=\"3\" style=\"color:#ffffff\">0<\/div><span class=\"count_title\" style=\"color:#ffffff\">METR\u00d3W POWIERZCHNI PRODUKCYJNEJ I MAGAZYNOWEJ<\/span><\/div>[\/vc_column][vc_column width=&#8221;1\/4&#8243;]<div class=\"rd_count_to count_style_9  \"  id=\"rand_dcccltp8jcqjcr2719ts\" ><div class=\"count_number\" data-from=\"0\" data-to=\"3.000\" data-speed=\"1000\" data-refresh-interval=\"25\" data-decimals=\"3\" style=\"color:#ffffff\">0<\/div><span class=\"count_title\" style=\"color:#ffffff\">AKTYWNYCH KLIENT\u00d3W<\/span><\/div>[\/vc_column][\/vc_row]<\/p>\n","protected":false},"excerpt":{"rendered":"<p>[vc_row type=&#8221;full-width-section&#8221; css=&#8221;.vc_custom_1422795121140{margin-bottom: 0px !important;border-bottom-width: 1px !important;padding-top: 93px !important;padding-bottom: 50px !important;background-color: #f9fafb !important;border-bottom-color: #ebebeb !important;border-bottom-style: solid !important;}&#8221; parallax_background=&#8221;&#8221;][vc_column width=&#8221;1\/2&#8243; css=&#8221;.vc_custom_1422794172714{padding-top: 6px !important;padding-bottom: 50px !important;}&#8221;][\/vc_column][vc_column width=&#8221;1\/2&#8243; css=&#8221;.vc_custom_1422794179242{padding-bottom: 50px !important;}&#8221;][vc_custom_heading text=&#8221;Dlaczego praca w HYDRO-PARTNER ?&#8221; font_container=&#8221;tag:h2|font_size:36|text_align:left&#8221; google_fonts=&#8221;font_family:Lato%3A100%2C100italic%2C300%2C300italic%2Cregular%2Citalic%2C700%2C700italic%2C900%2C900italic|font_style:300%20light%20regular%3A300%3Anormal&#8221; css=&#8221;.vc_custom_1587049225555{margin-bottom: 19px !important;}&#8221;][vc_column_text css=&#8221;.vc_custom_1586339813332{margin-bottom: 29px !important;}&#8221;]To ludzie stanowi\u0105 o sile naszej Firmy, s\u0105 jej najwi\u0119ksz\u0105 warto\u015bci\u0105. Zaanga\u017cowanie ponad 200 os\u00f3b<br \/><a href=\"https:\/\/hydro-partner.pl\/kariera-2\/\" class=\"more\">Read more<\/a><\/p>\n","protected":false},"author":1,"featured_media":0,"parent":0,"menu_order":0,"comment_status":"closed","ping_status":"open","template":"","meta":{"_uf_show_specific_survey":0,"_uf_disable_surveys":false,"footnotes":""},"_links":{"self":[{"href":"https:\/\/hydro-partner.pl\/wp-json\/wp\/v2\/pages\/7622"}],"collection":[{"href":"https:\/\/hydro-partner.pl\/wp-json\/wp\/v2\/pages"}],"about":[{"href":"https:\/\/hydro-partner.pl\/wp-json\/wp\/v2\/types\/page"}],"author":[{"embeddable":true,"href":"https:\/\/hydro-partner.pl\/wp-json\/wp\/v2\/users\/1"}],"replies":[{"embeddable":true,"href":"https:\/\/hydro-partner.pl\/wp-json\/wp\/v2\/comments?post=7622"}],"version-history":[{"count":35,"href":"https:\/\/hydro-partner.pl\/wp-json\/wp\/v2\/pages\/7622\/revisions"}],"predecessor-version":[{"id":8361,"href":"https:\/\/hydro-partner.pl\/wp-json\/wp\/v2\/pages\/7622\/revisions\/8361"}],"wp:attachment":[{"href":"https:\/\/hydro-partner.pl\/wp-json\/wp\/v2\/media?parent=7622"}],"curies":[{"name":"wp","href":"https:\/\/api.w.org\/{rel}","templated":true}]}}