{"id":8082,"date":"2020-06-16T17:08:13","date_gmt":"2020-06-16T15:08:13","guid":{"rendered":"http:\/\/hydro-partner.pl\/?page_id=8082"},"modified":"2020-06-25T14:33:15","modified_gmt":"2020-06-25T12:33:15","slug":"cctv","status":"publish","type":"page","link":"https:\/\/hydro-partner.pl\/automatyka-2\/cctv\/","title":{"rendered":"CCTV"},"content":{"rendered":"<p>[vc_row overlay=&#8221;rd_hover_goliath&#8221; overlay_color=&#8221;&#8221; port_type=&#8221;port_type_5&#8243; port_bg_color=&#8221;&#8221; port_title_color=&#8221;&#8221; port_text_color=&#8221;&#8221; port_button_color=&#8221;&#8221; port_border_color=&#8221;&#8221; port_hover_bg_color=&#8221;&#8221; port_hover_title_color=&#8221;&#8221; port_hover_text_color=&#8221;&#8221; port_hover_button_color=&#8221;&#8221; port_hover_border_color=&#8221;&#8221; desc_title=&#8221;&#8221; desc_cat=&#8221;&#8221; overlay_color_2=&#8221;&#8221; desc_border=&#8221;&#8221; port_thumbnail=&#8221;thumbnail_type_2&#8243; port_layout=&#8221;3 columns&#8221; category=&#8221;pompy&#8221; tags=&#8221;all&#8221; port_order=&#8221;DESC&#8221; port_orderby=&#8221;date&#8221; target=&#8221;_self&#8221; port_start=&#8221;8&#8243; filter=&#8221;yes&#8221; filter_type=&#8221;filter_type_1&#8243; filter_text_color=&#8221;&#8221; filter_background_color=&#8221;&#8221; filter_border_color=&#8221;&#8221; selected_filter_bg_color=&#8221;&#8221; port_navigation=&#8221;&#8221; nav_bg=&#8221;&#8221; nav_color=&#8221;&#8221; nav_border=&#8221;&#8221; nav_hover_color=&#8221;&#8221; nav_hover_bg=&#8221;&#8221; port_click=&#8221;4&#8243; button_bg=&#8221;&#8221; button_title=&#8221;&#8221; button_border=&#8221;&#8221; button_hover_title=&#8221;&#8221; button_hover_bg=&#8221;&#8221;][vc_column][vc_custom_heading text=&#8221;CCTV&#8221; font_container=&#8221;tag:h2|font_size:30|text_align:center|color:%235b5b5b|line_height:3&#8243; google_fonts=&#8221;font_family:Lato%3A100%2C100italic%2C300%2C300italic%2Cregular%2Citalic%2C700%2C700italic%2C900%2C900italic|font_style:900%20bold%20regular%3A900%3Anormal&#8221; css=&#8221;.vc_custom_1592319449037{margin-bottom: 50px !important;}&#8221; el_class=&#8221;letterspacing-3&#8243;][\/vc_column][\/vc_row][vc_row][vc_column]<style type=\"text\/css\" >#ic_3rjc9kquvlpm5lpa75yu {margin:0px auto 0px; }#ic_3rjc9kquvlpm5lpa75yu .owl-prev,#ic_3rjc9kquvlpm5lpa75yu .owl-next{border-color:#ecf0f1; background:#ffffff; color:#a1b1bc; }#ic_3rjc9kquvlpm5lpa75yu .owl-prev:hover,#ic_3rjc9kquvlpm5lpa75yu .owl-next:hover{background:#f9fafb; color:#2c3e50; }#ic_3rjc9kquvlpm5lpa75yu .owl-prev:before,#ic_3rjc9kquvlpm5lpa75yu .owl-next:after{border-color:#a1b1bc; }#ic_3rjc9kquvlpm5lpa75yu .owl-prev:hover::before,#ic_3rjc9kquvlpm5lpa75yu .owl-next:hover::after{border-color:#2c3e50; }#ic_3rjc9kquvlpm5lpa75yu .owl-dot{ background:#ffffff; border-color:#ecf0f1; }#ic_3rjc9kquvlpm5lpa75yu .owl-dot.active{ background:#1c83d8; border-color:#ecf0f1;}<\/style><script type=\"text\/javascript\" charset=\"utf-8\">\r\n\r\n\t\tjQuery.noConflict();\r\n\t\/\/setup up Carousel\r\n\t\tjQuery(document).ready(function($) {\r\n\t\"use strict\";\r\n\t$(window).load(function(){\r\n\t\t$(\"#ic_3rjc9kquvlpm5lpa75yu\").owlCarousel({\r\n\t\t\trtl: $(\"body\").hasClass(\"rtl\") ? true : false,\r\n\t\t\tresponsiveClass:true,\r\n\t\t\tcenter:true,\r\n\t\t\tloop:true,\r\n\t\t\tresponsive:{\r\n\t\t\t\t0:{\r\n\t\t\t\t\titems:1,\r\n\t\t\t    },\r\n\t\t\t    780:{\r\n\t\t\t        items:2,\r\n\t\t\t\t},\r\n\t\t\t\t1000:{\r\n\t\t\t\t    items:2,\r\n\t\t\t\t},\r\n\t\t\t},\r\n\t\t\t autoplay:true,\r\n\t\t\t autoplaySpeed: 800,\r\n\t   \t \t dots:true,\r\n\t\t\t nav:true,\r\n\t\r\n\t\t});\r\n\t});\r\n});\r\n\r\n<\/script><div class=\"tt_testimonials_ctn rd_ic_center   \" id=\"ic_3rjc9kquvlpm5lpa75yu\" style=\"margin-top:0px; margin-bottom:0px;\"><a href=\"https:\/\/hydro-partner.pl\/wp-content\/uploads\/2020\/06\/Zbiornik-Polanowice-gm.-S\u0142omniki-scaled-1024x576.jpg\"  rel=\"prettyPhoto[rel-3rjc9kquvlpm5lpa75yu]\" ><img loading=\"lazy\" decoding=\"async\" width=\"2560\" height=\"1440\" src=\"https:\/\/hydro-partner.pl\/wp-content\/uploads\/2020\/06\/Zbiornik-Polanowice-gm.-S\u0142omniki-scaled.jpg\" class=\"attachment-full\" alt=\"\" srcset=\"https:\/\/hydro-partner.pl\/wp-content\/uploads\/2020\/06\/Zbiornik-Polanowice-gm.-S\u0142omniki-scaled.jpg 2560w, https:\/\/hydro-partner.pl\/wp-content\/uploads\/2020\/06\/Zbiornik-Polanowice-gm.-S\u0142omniki-scaled-300x169.jpg 300w, https:\/\/hydro-partner.pl\/wp-content\/uploads\/2020\/06\/Zbiornik-Polanowice-gm.-S\u0142omniki-scaled-1024x576.jpg 1024w, https:\/\/hydro-partner.pl\/wp-content\/uploads\/2020\/06\/Zbiornik-Polanowice-gm.-S\u0142omniki-768x432.jpg 768w, https:\/\/hydro-partner.pl\/wp-content\/uploads\/2020\/06\/Zbiornik-Polanowice-gm.-S\u0142omniki-scaled-1536x864.jpg 1536w, https:\/\/hydro-partner.pl\/wp-content\/uploads\/2020\/06\/Zbiornik-Polanowice-gm.-S\u0142omniki-scaled-2048x1152.jpg 2048w\" sizes=\"(max-width: 2560px) 100vw, 2560px\" \/><\/a><a href=\"https:\/\/hydro-partner.pl\/wp-content\/uploads\/2020\/06\/S6304967.jpg\"  rel=\"prettyPhoto[rel-3rjc9kquvlpm5lpa75yu]\" ><img loading=\"lazy\" decoding=\"async\" width=\"1024\" height=\"768\" src=\"https:\/\/hydro-partner.pl\/wp-content\/uploads\/2020\/06\/S6304967.jpg\" class=\"attachment-full\" alt=\"\" srcset=\"https:\/\/hydro-partner.pl\/wp-content\/uploads\/2020\/06\/S6304967.jpg 1024w, https:\/\/hydro-partner.pl\/wp-content\/uploads\/2020\/06\/S6304967-300x225.jpg 300w, https:\/\/hydro-partner.pl\/wp-content\/uploads\/2020\/06\/S6304967-768x576.jpg 768w\" sizes=\"(max-width: 1024px) 100vw, 1024px\" \/><\/a><\/div>[\/vc_column][\/vc_row][vc_row font_color=&#8221;#666666&#8243;][vc_column css=&#8221;.vc_custom_1592222193758{margin-right: 75px !important;margin-left: 75px !important;}&#8221;][vc_column_text]HYDRO-PARTNER realizuje telewizyjne systemy dozorowe (CCTV), kt\u00f3re pozwalaj\u0105 na zdalny nadz\u00f3r wizyjny nad obiektami.<\/p>\n<p>Cyfrowy monitoring IP przewodowy i bezprzewodowy to w dzisiejszym \u015bwiecie najbardziej powszechne rozwi\u0105zanie w systemach telewizji przemys\u0142owej.<\/p>\n<p>Daje mo\u017cliwo\u015b\u0107 stworzenia monitoringu wizyjnego w ma\u0142ych i wi\u0119kszych obiektach lub na obszarach, w kt\u00f3rych kamery s\u0105 od siebie odlegle umiejscowione.<\/p>\n<p>W przypadku odleg\u0142o\u015bci mi\u0119dzy obiektami powy\u017cej 100 m najcz\u0119\u015bciej stosujemy technik\u0119 \u015bwiat\u0142owodow\u0105 dla zapewnienia najwy\u017cszej jako\u015bci komunikacji i transmisji obrazu.[\/vc_column_text][\/vc_column][\/vc_row]<\/p>\n","protected":false},"excerpt":{"rendered":"<p>[vc_row overlay=&#8221;rd_hover_goliath&#8221; overlay_color=&#8221;&#8221; port_type=&#8221;port_type_5&#8243; port_bg_color=&#8221;&#8221; port_title_color=&#8221;&#8221; port_text_color=&#8221;&#8221; port_button_color=&#8221;&#8221; port_border_color=&#8221;&#8221; port_hover_bg_color=&#8221;&#8221; port_hover_title_color=&#8221;&#8221; port_hover_text_color=&#8221;&#8221; port_hover_button_color=&#8221;&#8221; port_hover_border_color=&#8221;&#8221; desc_title=&#8221;&#8221; desc_cat=&#8221;&#8221; overlay_color_2=&#8221;&#8221; desc_border=&#8221;&#8221; port_thumbnail=&#8221;thumbnail_type_2&#8243; port_layout=&#8221;3 columns&#8221; category=&#8221;pompy&#8221; tags=&#8221;all&#8221; port_order=&#8221;DESC&#8221; port_orderby=&#8221;date&#8221; target=&#8221;_self&#8221; port_start=&#8221;8&#8243; filter=&#8221;yes&#8221; filter_type=&#8221;filter_type_1&#8243; filter_text_color=&#8221;&#8221; filter_background_color=&#8221;&#8221; filter_border_color=&#8221;&#8221; selected_filter_bg_color=&#8221;&#8221; port_navigation=&#8221;&#8221; nav_bg=&#8221;&#8221; nav_color=&#8221;&#8221; nav_border=&#8221;&#8221; nav_hover_color=&#8221;&#8221; nav_hover_bg=&#8221;&#8221; port_click=&#8221;4&#8243; button_bg=&#8221;&#8221; button_title=&#8221;&#8221; button_border=&#8221;&#8221; button_hover_title=&#8221;&#8221; button_hover_bg=&#8221;&#8221;][vc_column][vc_custom_heading text=&#8221;CCTV&#8221; font_container=&#8221;tag:h2|font_size:30|text_align:center|color:%235b5b5b|line_height:3&#8243; google_fonts=&#8221;font_family:Lato%3A100%2C100italic%2C300%2C300italic%2Cregular%2Citalic%2C700%2C700italic%2C900%2C900italic|font_style:900%20bold%20regular%3A900%3Anormal&#8221; css=&#8221;.vc_custom_1592319449037{margin-bottom: 50px !important;}&#8221; el_class=&#8221;letterspacing-3&#8243;][\/vc_column][\/vc_row][vc_row][vc_column][\/vc_column][\/vc_row][vc_row font_color=&#8221;#666666&#8243;][vc_column css=&#8221;.vc_custom_1592222193758{margin-right: 75px<br \/><a href=\"https:\/\/hydro-partner.pl\/automatyka-2\/cctv\/\" class=\"more\">Read more<\/a><\/p>\n","protected":false},"author":1,"featured_media":0,"parent":7796,"menu_order":0,"comment_status":"closed","ping_status":"open","template":"","meta":{"_uf_show_specific_survey":0,"_uf_disable_surveys":false,"footnotes":""},"_links":{"self":[{"href":"https:\/\/hydro-partner.pl\/wp-json\/wp\/v2\/pages\/8082"}],"collection":[{"href":"https:\/\/hydro-partner.pl\/wp-json\/wp\/v2\/pages"}],"about":[{"href":"https:\/\/hydro-partner.pl\/wp-json\/wp\/v2\/types\/page"}],"author":[{"embeddable":true,"href":"https:\/\/hydro-partner.pl\/wp-json\/wp\/v2\/users\/1"}],"replies":[{"embeddable":true,"href":"https:\/\/hydro-partner.pl\/wp-json\/wp\/v2\/comments?post=8082"}],"version-history":[{"count":2,"href":"https:\/\/hydro-partner.pl\/wp-json\/wp\/v2\/pages\/8082\/revisions"}],"predecessor-version":[{"id":8136,"href":"https:\/\/hydro-partner.pl\/wp-json\/wp\/v2\/pages\/8082\/revisions\/8136"}],"up":[{"embeddable":true,"href":"https:\/\/hydro-partner.pl\/wp-json\/wp\/v2\/pages\/7796"}],"wp:attachment":[{"href":"https:\/\/hydro-partner.pl\/wp-json\/wp\/v2\/media?parent=8082"}],"curies":[{"name":"wp","href":"https:\/\/api.w.org\/{rel}","templated":true}]}}